{"id":344,"date":"2024-12-26T17:51:19","date_gmt":"2024-12-26T17:51:19","guid":{"rendered":"https:\/\/steigleder.com.br\/novo\/?page_id=344"},"modified":"2025-01-08T19:08:32","modified_gmt":"2025-01-08T19:08:32","slug":"naturatte","status":"publish","type":"page","link":"https:\/\/steigleder.com.br\/index.php\/naturatte\/","title":{"rendered":"Naturatte"},"content":{"rendered":"\t\t<div data-elementor-type=\"wp-page\" data-elementor-id=\"344\" class=\"elementor elementor-344\" data-elementor-post-type=\"page\">\n\t\t\t\t<div class=\"elementor-element elementor-element-313c779 e-flex e-con-boxed e-con e-parent\" data-id=\"313c779\" data-element_type=\"container\">\n\t\t\t\t\t<div class=\"e-con-inner\">\n\t\t\t\t<div class=\"elementor-element elementor-element-10e1cd2 elementor-widget elementor-widget-heading\" data-id=\"10e1cd2\" data-element_type=\"widget\" data-widget_type=\"heading.default\">\n\t\t\t\t<div class=\"elementor-widget-container\">\n\t\t\t<style>\/*! elementor - v3.21.0 - 22-05-2024 *\/\n.elementor-heading-title{padding:0;margin:0;line-height:1}.elementor-widget-heading .elementor-heading-title[class*=elementor-size-]>a{color:inherit;font-size:inherit;line-height:inherit}.elementor-widget-heading .elementor-heading-title.elementor-size-small{font-size:15px}.elementor-widget-heading .elementor-heading-title.elementor-size-medium{font-size:19px}.elementor-widget-heading .elementor-heading-title.elementor-size-large{font-size:29px}.elementor-widget-heading .elementor-heading-title.elementor-size-xl{font-size:39px}.elementor-widget-heading .elementor-heading-title.elementor-size-xxl{font-size:59px}<\/style><h2 class=\"elementor-heading-title elementor-size-default\">\n<span style=\" font-weight: bold;\">\nNATURATTE<\/span><br>\nSua criatividade em harmonia com a natureza. \n <br>\n<\/h2>\t\t<\/div>\n\t\t\t\t<\/div>\n\t\t\t\t<div class=\"elementor-element elementor-element-222688e elementor-widget elementor-widget-text-editor\" data-id=\"222688e\" data-element_type=\"widget\" data-widget_type=\"text-editor.default\">\n\t\t\t\t<div class=\"elementor-widget-container\">\n\t\t\t<style>\/*! elementor - v3.21.0 - 22-05-2024 *\/\n.elementor-widget-text-editor.elementor-drop-cap-view-stacked .elementor-drop-cap{background-color:#69727d;color:#fff}.elementor-widget-text-editor.elementor-drop-cap-view-framed .elementor-drop-cap{color:#69727d;border:3px solid;background-color:transparent}.elementor-widget-text-editor:not(.elementor-drop-cap-view-default) .elementor-drop-cap{margin-top:8px}.elementor-widget-text-editor:not(.elementor-drop-cap-view-default) .elementor-drop-cap-letter{width:1em;height:1em}.elementor-widget-text-editor .elementor-drop-cap{float:left;text-align:center;line-height:1;font-size:50px}.elementor-widget-text-editor .elementor-drop-cap-letter{display:inline-block}<\/style>\t\t\t\t<p>A linha Naturatte \u00e9 composta por telas engomadas de fios reciclados como elemento principal em sua composi\u00e7\u00e3o. <br \/>Possuem uma textura r\u00fastico-natural, proporcionam um aspecto de eleg\u00e2ncia.<\/p>\t\t\t\t\t\t<\/div>\n\t\t\t\t<\/div>\n\t\t<div class=\"elementor-element elementor-element-c8147d5 e-flex e-con-boxed e-con e-child\" data-id=\"c8147d5\" data-element_type=\"container\">\n\t\t\t\t\t<div class=\"e-con-inner\">\n\t\t<div class=\"elementor-element elementor-element-bc5a587 e-flex e-con-boxed e-con e-child\" data-id=\"bc5a587\" data-element_type=\"container\">\n\t\t\t\t\t<div class=\"e-con-inner\">\n\t\t\t\t<div class=\"elementor-element elementor-element-7bdc312 elementor-widget elementor-widget-image\" data-id=\"7bdc312\" data-element_type=\"widget\" data-widget_type=\"image.default\">\n\t\t\t\t<div class=\"elementor-widget-container\">\n\t\t\t<style>\/*! elementor - v3.21.0 - 22-05-2024 *\/\n.elementor-widget-image{text-align:center}.elementor-widget-image a{display:inline-block}.elementor-widget-image a img[src$=\".svg\"]{width:48px}.elementor-widget-image img{vertical-align:middle;display:inline-block}<\/style>\t\t\t\t\t\t\t\t\t\t<img fetchpriority=\"high\" decoding=\"async\" width=\"800\" height=\"628\" src=\"https:\/\/steigleder.com.br\/wp-content\/uploads\/2024\/12\/5___.jpg\" class=\"attachment-large size-large wp-image-359\" alt=\"\" srcset=\"https:\/\/steigleder.com.br\/wp-content\/uploads\/2024\/12\/5___.jpg 800w, https:\/\/steigleder.com.br\/wp-content\/uploads\/2024\/12\/5___-300x236.jpg 300w, https:\/\/steigleder.com.br\/wp-content\/uploads\/2024\/12\/5___-768x603.jpg 768w\" sizes=\"(max-width: 800px) 100vw, 800px\" \/>\t\t\t\t\t\t\t\t\t\t\t\t\t<\/div>\n\t\t\t\t<\/div>\n\t\t\t\t\t<\/div>\n\t\t\t\t<\/div>\n\t\t<div class=\"elementor-element elementor-element-c28a203 e-flex e-con-boxed e-con e-child\" data-id=\"c28a203\" data-element_type=\"container\">\n\t\t\t\t\t<div class=\"e-con-inner\">\n\t\t\t\t<div class=\"elementor-element elementor-element-c10e72e elementor-widget elementor-widget-image\" data-id=\"c10e72e\" data-element_type=\"widget\" data-widget_type=\"image.default\">\n\t\t\t\t<div class=\"elementor-widget-container\">\n\t\t\t\t\t\t\t\t\t\t\t\t\t<img decoding=\"async\" width=\"800\" height=\"628\" src=\"https:\/\/steigleder.com.br\/wp-content\/uploads\/2024\/12\/IMG_3776____.jpg\" class=\"attachment-large size-large wp-image-360\" alt=\"\" srcset=\"https:\/\/steigleder.com.br\/wp-content\/uploads\/2024\/12\/IMG_3776____.jpg 800w, https:\/\/steigleder.com.br\/wp-content\/uploads\/2024\/12\/IMG_3776____-300x236.jpg 300w, https:\/\/steigleder.com.br\/wp-content\/uploads\/2024\/12\/IMG_3776____-768x603.jpg 768w\" sizes=\"(max-width: 800px) 100vw, 800px\" \/>\t\t\t\t\t\t\t\t\t\t\t\t\t<\/div>\n\t\t\t\t<\/div>\n\t\t\t\t\t<\/div>\n\t\t\t\t<\/div>\n\t\t<div class=\"elementor-element elementor-element-f1543b3 e-flex e-con-boxed e-con e-child\" data-id=\"f1543b3\" data-element_type=\"container\">\n\t\t\t\t\t<div class=\"e-con-inner\">\n\t\t\t\t<div class=\"elementor-element elementor-element-a10feb3 elementor-widget elementor-widget-image\" data-id=\"a10feb3\" data-element_type=\"widget\" data-widget_type=\"image.default\">\n\t\t\t\t<div class=\"elementor-widget-container\">\n\t\t\t\t\t\t\t\t\t\t\t\t\t<img decoding=\"async\" width=\"800\" height=\"628\" src=\"https:\/\/steigleder.com.br\/wp-content\/uploads\/2024\/12\/IMG_3882___.jpg\" class=\"attachment-large size-large wp-image-361\" alt=\"\" srcset=\"https:\/\/steigleder.com.br\/wp-content\/uploads\/2024\/12\/IMG_3882___.jpg 800w, https:\/\/steigleder.com.br\/wp-content\/uploads\/2024\/12\/IMG_3882___-300x236.jpg 300w, https:\/\/steigleder.com.br\/wp-content\/uploads\/2024\/12\/IMG_3882___-768x603.jpg 768w\" sizes=\"(max-width: 800px) 100vw, 800px\" \/>\t\t\t\t\t\t\t\t\t\t\t\t\t<\/div>\n\t\t\t\t<\/div>\n\t\t\t\t\t<\/div>\n\t\t\t\t<\/div>\n\t\t<div class=\"elementor-element elementor-element-daa4f5a e-flex e-con-boxed e-con e-child\" data-id=\"daa4f5a\" data-element_type=\"container\">\n\t\t\t\t\t<div class=\"e-con-inner\">\n\t\t\t\t<div class=\"elementor-element elementor-element-4f5edad elementor-widget elementor-widget-image\" data-id=\"4f5edad\" data-element_type=\"widget\" data-widget_type=\"image.default\">\n\t\t\t\t<div class=\"elementor-widget-container\">\n\t\t\t\t\t\t\t\t\t\t\t\t\t<img loading=\"lazy\" decoding=\"async\" width=\"800\" height=\"628\" src=\"https:\/\/steigleder.com.br\/wp-content\/uploads\/2024\/12\/Naturatte_NT03____.jpg\" class=\"attachment-large size-large wp-image-363\" alt=\"\" srcset=\"https:\/\/steigleder.com.br\/wp-content\/uploads\/2024\/12\/Naturatte_NT03____.jpg 800w, https:\/\/steigleder.com.br\/wp-content\/uploads\/2024\/12\/Naturatte_NT03____-300x236.jpg 300w, https:\/\/steigleder.com.br\/wp-content\/uploads\/2024\/12\/Naturatte_NT03____-768x603.jpg 768w\" sizes=\"(max-width: 800px) 100vw, 800px\" \/>\t\t\t\t\t\t\t\t\t\t\t\t\t<\/div>\n\t\t\t\t<\/div>\n\t\t\t\t\t<\/div>\n\t\t\t\t<\/div>\n\t\t\t\t\t<\/div>\n\t\t\t\t<\/div>\n\t\t<div class=\"elementor-element elementor-element-1e8ccc5 e-flex e-con-boxed e-con e-child\" data-id=\"1e8ccc5\" data-element_type=\"container\">\n\t\t\t\t\t<div class=\"e-con-inner\">\n\t\t\t\t<div class=\"elementor-element elementor-element-25518f6 elementor-widget elementor-widget-heading\" data-id=\"25518f6\" data-element_type=\"widget\" data-widget_type=\"heading.default\">\n\t\t\t\t<div class=\"elementor-widget-container\">\n\t\t\t<h2 class=\"elementor-heading-title elementor-size-default\">Dispon\u00edvel em uma grande varia\u00e7\u00e3o de cores. <br>\n<\/h2>\t\t<\/div>\n\t\t\t\t<\/div>\n\t\t\t\t<div class=\"elementor-element elementor-element-9211635 elementor-widget elementor-widget-heading\" data-id=\"9211635\" data-element_type=\"widget\" data-widget_type=\"heading.default\">\n\t\t\t\t<div class=\"elementor-widget-container\">\n\t\t\t<h2 class=\"elementor-heading-title elementor-size-default\">\n<span style=\" font-weight: bold;\">\nTRAMAS\n<\/span>\n<\/h2>\t\t<\/div>\n\t\t\t\t<\/div>\n\t\t\t\t\t<\/div>\n\t\t\t\t<\/div>\n\t\t\t\t\t<\/div>\n\t\t\t\t<\/div>\n\t\t<div class=\"elementor-element elementor-element-f2cbecf e-flex e-con-boxed e-con e-child\" data-id=\"f2cbecf\" data-element_type=\"container\">\n\t\t\t\t\t<div class=\"e-con-inner\">\n\t\t\t\t<div class=\"elementor-element elementor-element-c22f843 elementor-widget elementor-widget-text-editor\" data-id=\"c22f843\" data-element_type=\"widget\" data-widget_type=\"text-editor.default\">\n\t\t\t\t<div class=\"elementor-widget-container\">\n\t\t\t\t\t\t\t<p>NT02 &#8211; Linha color <\/p>\t\t\t\t\t\t<\/div>\n\t\t\t\t<\/div>\n\t\t\t\t<div class=\"elementor-element elementor-element-6d2d08f elementor-widget elementor-widget-text-editor\" data-id=\"6d2d08f\" data-element_type=\"widget\" data-widget_type=\"text-editor.default\">\n\t\t\t\t<div class=\"elementor-widget-container\">\n\t\t\t\t\t\t\t<p><strong>NT02 \u00e9 um tela fabricada com fios de algod\u00e3o reciclado, engomada e colorida.<\/strong><br \/>Para quem procura uma tela engomada mais r\u00fastica, sem perder a eleg\u00e2ncia, a NT02 \u00e9 a escolha perfeita. Pode ser <br \/>utilizada em embalagens, sacolas, cestas, forminhas de doces e tantos outros mercados.<\/p>\t\t\t\t\t\t<\/div>\n\t\t\t\t<\/div>\n\t\t<div class=\"elementor-element elementor-element-b47bc0c e-flex e-con-boxed e-con e-child\" data-id=\"b47bc0c\" data-element_type=\"container\">\n\t\t\t\t\t<div class=\"e-con-inner\">\n\t\t<div class=\"elementor-element elementor-element-0450457 e-flex e-con-boxed e-con e-child\" data-id=\"0450457\" data-element_type=\"container\">\n\t\t\t\t\t<div class=\"e-con-inner\">\n\t\t\t\t<div class=\"elementor-element elementor-element-518c262 elementor-widget elementor-widget-image\" data-id=\"518c262\" data-element_type=\"widget\" data-widget_type=\"image.default\">\n\t\t\t\t<div class=\"elementor-widget-container\">\n\t\t\t\t\t\t\t\t\t\t\t\t\t<img loading=\"lazy\" decoding=\"async\" width=\"800\" height=\"628\" src=\"https:\/\/steigleder.com.br\/wp-content\/uploads\/2024\/12\/IMG_3776____-1.jpg\" class=\"attachment-large size-large wp-image-367\" alt=\"\" srcset=\"https:\/\/steigleder.com.br\/wp-content\/uploads\/2024\/12\/IMG_3776____-1.jpg 800w, https:\/\/steigleder.com.br\/wp-content\/uploads\/2024\/12\/IMG_3776____-1-300x236.jpg 300w, https:\/\/steigleder.com.br\/wp-content\/uploads\/2024\/12\/IMG_3776____-1-768x603.jpg 768w\" sizes=\"(max-width: 800px) 100vw, 800px\" \/>\t\t\t\t\t\t\t\t\t\t\t\t\t<\/div>\n\t\t\t\t<\/div>\n\t\t\t\t\t<\/div>\n\t\t\t\t<\/div>\n\t\t<div class=\"elementor-element elementor-element-42da315 e-flex e-con-boxed e-con e-child\" data-id=\"42da315\" data-element_type=\"container\">\n\t\t\t\t\t<div class=\"e-con-inner\">\n\t\t\t\t<div class=\"elementor-element elementor-element-d95a527 elementor-widget elementor-widget-image\" data-id=\"d95a527\" data-element_type=\"widget\" data-widget_type=\"image.default\">\n\t\t\t\t<div class=\"elementor-widget-container\">\n\t\t\t\t\t\t\t\t\t\t\t\t\t<img loading=\"lazy\" decoding=\"async\" width=\"800\" height=\"628\" src=\"https:\/\/steigleder.com.br\/wp-content\/uploads\/2024\/12\/lavandaturquesa-claro____.jpg\" class=\"attachment-large size-large wp-image-368\" alt=\"\" srcset=\"https:\/\/steigleder.com.br\/wp-content\/uploads\/2024\/12\/lavandaturquesa-claro____.jpg 800w, https:\/\/steigleder.com.br\/wp-content\/uploads\/2024\/12\/lavandaturquesa-claro____-300x236.jpg 300w, https:\/\/steigleder.com.br\/wp-content\/uploads\/2024\/12\/lavandaturquesa-claro____-768x603.jpg 768w\" sizes=\"(max-width: 800px) 100vw, 800px\" \/>\t\t\t\t\t\t\t\t\t\t\t\t\t<\/div>\n\t\t\t\t<\/div>\n\t\t\t\t\t<\/div>\n\t\t\t\t<\/div>\n\t\t<div class=\"elementor-element elementor-element-c9ed285 e-flex e-con-boxed e-con e-child\" data-id=\"c9ed285\" data-element_type=\"container\">\n\t\t\t\t\t<div class=\"e-con-inner\">\n\t\t\t\t<div class=\"elementor-element elementor-element-efab412 elementor-widget elementor-widget-image\" data-id=\"efab412\" data-element_type=\"widget\" data-widget_type=\"image.default\">\n\t\t\t\t<div class=\"elementor-widget-container\">\n\t\t\t\t\t\t\t\t\t\t\t\t\t<img loading=\"lazy\" decoding=\"async\" width=\"800\" height=\"628\" src=\"https:\/\/steigleder.com.br\/wp-content\/uploads\/2024\/12\/Naturatte_Aberto_Natural____.jpg\" class=\"attachment-large size-large wp-image-369\" alt=\"\" srcset=\"https:\/\/steigleder.com.br\/wp-content\/uploads\/2024\/12\/Naturatte_Aberto_Natural____.jpg 800w, https:\/\/steigleder.com.br\/wp-content\/uploads\/2024\/12\/Naturatte_Aberto_Natural____-300x236.jpg 300w, https:\/\/steigleder.com.br\/wp-content\/uploads\/2024\/12\/Naturatte_Aberto_Natural____-768x603.jpg 768w\" sizes=\"(max-width: 800px) 100vw, 800px\" \/>\t\t\t\t\t\t\t\t\t\t\t\t\t<\/div>\n\t\t\t\t<\/div>\n\t\t\t\t\t<\/div>\n\t\t\t\t<\/div>\n\t\t<div class=\"elementor-element elementor-element-31db7c2 e-flex e-con-boxed e-con e-child\" data-id=\"31db7c2\" data-element_type=\"container\">\n\t\t\t\t\t<div class=\"e-con-inner\">\n\t\t\t\t<div class=\"elementor-element elementor-element-5be479d elementor-widget elementor-widget-image\" data-id=\"5be479d\" data-element_type=\"widget\" data-widget_type=\"image.default\">\n\t\t\t\t<div class=\"elementor-widget-container\">\n\t\t\t\t\t\t\t\t\t\t\t\t\t<img loading=\"lazy\" decoding=\"async\" width=\"800\" height=\"628\" src=\"https:\/\/steigleder.com.br\/wp-content\/uploads\/2024\/12\/IMG_3780___.jpg\" class=\"attachment-large size-large wp-image-376\" alt=\"\" srcset=\"https:\/\/steigleder.com.br\/wp-content\/uploads\/2024\/12\/IMG_3780___.jpg 800w, https:\/\/steigleder.com.br\/wp-content\/uploads\/2024\/12\/IMG_3780___-300x236.jpg 300w, https:\/\/steigleder.com.br\/wp-content\/uploads\/2024\/12\/IMG_3780___-768x603.jpg 768w\" sizes=\"(max-width: 800px) 100vw, 800px\" \/>\t\t\t\t\t\t\t\t\t\t\t\t\t<\/div>\n\t\t\t\t<\/div>\n\t\t\t\t\t<\/div>\n\t\t\t\t<\/div>\n\t\t\t\t\t<\/div>\n\t\t\t\t<\/div>\n\t\t<div class=\"elementor-element elementor-element-d67921a e-flex e-con-boxed e-con e-child\" data-id=\"d67921a\" data-element_type=\"container\">\n\t\t\t\t\t<div class=\"e-con-inner\">\n\t\t<div class=\"elementor-element elementor-element-8e321aa e-flex e-con-boxed e-con e-child\" data-id=\"8e321aa\" data-element_type=\"container\">\n\t\t\t\t\t<div class=\"e-con-inner\">\n\t\t\t\t<div class=\"elementor-element elementor-element-dc9c670 elementor-widget elementor-widget-image\" data-id=\"dc9c670\" data-element_type=\"widget\" data-widget_type=\"image.default\">\n\t\t\t\t<div class=\"elementor-widget-container\">\n\t\t\t\t\t\t\t\t\t\t\t\t\t<img loading=\"lazy\" decoding=\"async\" width=\"800\" height=\"628\" src=\"https:\/\/steigleder.com.br\/wp-content\/uploads\/2024\/12\/verde-mentarose-intenso___.jpg\" class=\"attachment-large size-large wp-image-371\" alt=\"\" srcset=\"https:\/\/steigleder.com.br\/wp-content\/uploads\/2024\/12\/verde-mentarose-intenso___.jpg 800w, https:\/\/steigleder.com.br\/wp-content\/uploads\/2024\/12\/verde-mentarose-intenso___-300x236.jpg 300w, https:\/\/steigleder.com.br\/wp-content\/uploads\/2024\/12\/verde-mentarose-intenso___-768x603.jpg 768w\" sizes=\"(max-width: 800px) 100vw, 800px\" \/>\t\t\t\t\t\t\t\t\t\t\t\t\t<\/div>\n\t\t\t\t<\/div>\n\t\t\t\t\t<\/div>\n\t\t\t\t<\/div>\n\t\t<div class=\"elementor-element elementor-element-e277d36 e-flex e-con-boxed e-con e-child\" data-id=\"e277d36\" data-element_type=\"container\">\n\t\t\t\t\t<div class=\"e-con-inner\">\n\t\t\t\t<div class=\"elementor-element elementor-element-e0886fb elementor-widget elementor-widget-image\" data-id=\"e0886fb\" data-element_type=\"widget\" data-widget_type=\"image.default\">\n\t\t\t\t<div class=\"elementor-widget-container\">\n\t\t\t\t\t\t\t\t\t\t\t\t\t<img loading=\"lazy\" decoding=\"async\" width=\"800\" height=\"628\" src=\"https:\/\/steigleder.com.br\/wp-content\/uploads\/2024\/12\/vermenhoverde-flo2___.jpg\" class=\"attachment-large size-large wp-image-372\" alt=\"\" srcset=\"https:\/\/steigleder.com.br\/wp-content\/uploads\/2024\/12\/vermenhoverde-flo2___.jpg 800w, https:\/\/steigleder.com.br\/wp-content\/uploads\/2024\/12\/vermenhoverde-flo2___-300x236.jpg 300w, https:\/\/steigleder.com.br\/wp-content\/uploads\/2024\/12\/vermenhoverde-flo2___-768x603.jpg 768w\" sizes=\"(max-width: 800px) 100vw, 800px\" \/>\t\t\t\t\t\t\t\t\t\t\t\t\t<\/div>\n\t\t\t\t<\/div>\n\t\t\t\t\t<\/div>\n\t\t\t\t<\/div>\n\t\t<div class=\"elementor-element elementor-element-faa4d5f e-flex e-con-boxed e-con e-child\" data-id=\"faa4d5f\" data-element_type=\"container\">\n\t\t\t\t\t<div class=\"e-con-inner\">\n\t\t\t\t\t<\/div>\n\t\t\t\t<\/div>\n\t\t<div class=\"elementor-element elementor-element-2951399 e-flex e-con-boxed e-con e-child\" data-id=\"2951399\" data-element_type=\"container\">\n\t\t\t\t\t<div class=\"e-con-inner\">\n\t\t\t\t\t<\/div>\n\t\t\t\t<\/div>\n\t\t\t\t\t<\/div>\n\t\t\t\t<\/div>\n\t\t\t\t<div class=\"elementor-element elementor-element-7421404 elementor-widget elementor-widget-text-editor\" data-id=\"7421404\" data-element_type=\"widget\" data-widget_type=\"text-editor.default\">\n\t\t\t\t<div class=\"elementor-widget-container\">\n\t\t\t\t\t\t\t<p>Consulte o catalogo de cores<\/p>\t\t\t\t\t\t<\/div>\n\t\t\t\t<\/div>\n\t\t\t\t\t<\/div>\n\t\t\t\t<\/div>\n\t\t<div class=\"elementor-element elementor-element-0658e04 e-flex e-con-boxed e-con e-parent\" data-id=\"0658e04\" data-element_type=\"container\">\n\t\t\t\t\t<div class=\"e-con-inner\">\n\t\t\t\t<div class=\"elementor-element elementor-element-be1959f elementor-widget elementor-widget-text-editor\" data-id=\"be1959f\" data-element_type=\"widget\" data-widget_type=\"text-editor.default\">\n\t\t\t\t<div class=\"elementor-widget-container\">\n\t\t\t\t\t\t\t<p>NT03 &#8211; Misto<\/p>\t\t\t\t\t\t<\/div>\n\t\t\t\t<\/div>\n\t\t\t\t<div class=\"elementor-element elementor-element-becc475 elementor-widget elementor-widget-text-editor\" data-id=\"becc475\" data-element_type=\"widget\" data-widget_type=\"text-editor.default\">\n\t\t\t\t<div class=\"elementor-widget-container\">\n\t\t\t\t\t\t\t<p><strong>Naturatte NT03 \u00e9 a combina\u00e7\u00e3o perfeita do fio de algod\u00e3o reciclado e o fio de juta.<\/strong><\/p><p>Tela r\u00fastica, com trama bem aberta, d\u00e1 a transpar\u00eancia exata para decorar, sem deixar de mostrar seu produto como principal elemento.<\/p>\t\t\t\t\t\t<\/div>\n\t\t\t\t<\/div>\n\t\t<div class=\"elementor-element elementor-element-808db4a e-flex e-con-boxed e-con e-child\" data-id=\"808db4a\" data-element_type=\"container\">\n\t\t\t\t\t<div class=\"e-con-inner\">\n\t\t<div class=\"elementor-element elementor-element-6573a32 e-flex e-con-boxed e-con e-child\" data-id=\"6573a32\" data-element_type=\"container\">\n\t\t\t\t\t<div class=\"e-con-inner\">\n\t\t\t\t<div class=\"elementor-element elementor-element-cef285e elementor-widget elementor-widget-image\" data-id=\"cef285e\" data-element_type=\"widget\" data-widget_type=\"image.default\">\n\t\t\t\t<div class=\"elementor-widget-container\">\n\t\t\t\t\t\t\t\t\t\t\t\t\t<img loading=\"lazy\" decoding=\"async\" width=\"800\" height=\"628\" src=\"https:\/\/steigleder.com.br\/wp-content\/uploads\/2024\/12\/Naturatte_NT03____-1.jpg\" class=\"attachment-large size-large wp-image-370\" alt=\"\" srcset=\"https:\/\/steigleder.com.br\/wp-content\/uploads\/2024\/12\/Naturatte_NT03____-1.jpg 800w, https:\/\/steigleder.com.br\/wp-content\/uploads\/2024\/12\/Naturatte_NT03____-1-300x236.jpg 300w, https:\/\/steigleder.com.br\/wp-content\/uploads\/2024\/12\/Naturatte_NT03____-1-768x603.jpg 768w\" sizes=\"(max-width: 800px) 100vw, 800px\" \/>\t\t\t\t\t\t\t\t\t\t\t\t\t<\/div>\n\t\t\t\t<\/div>\n\t\t\t\t\t<\/div>\n\t\t\t\t<\/div>\n\t\t<div class=\"elementor-element elementor-element-56345df e-flex e-con-boxed e-con e-child\" data-id=\"56345df\" data-element_type=\"container\">\n\t\t\t\t\t<div class=\"e-con-inner\">\n\t\t\t\t<div class=\"elementor-element elementor-element-008af33 elementor-widget elementor-widget-image\" data-id=\"008af33\" data-element_type=\"widget\" data-widget_type=\"image.default\">\n\t\t\t\t<div class=\"elementor-widget-container\">\n\t\t\t\t\t\t\t\t\t\t\t\t\t<img loading=\"lazy\" decoding=\"async\" width=\"800\" height=\"628\" src=\"https:\/\/steigleder.com.br\/wp-content\/uploads\/2024\/12\/Naturatte_NT03_08____.jpg\" class=\"attachment-large size-large wp-image-377\" alt=\"\" srcset=\"https:\/\/steigleder.com.br\/wp-content\/uploads\/2024\/12\/Naturatte_NT03_08____.jpg 800w, https:\/\/steigleder.com.br\/wp-content\/uploads\/2024\/12\/Naturatte_NT03_08____-300x236.jpg 300w, https:\/\/steigleder.com.br\/wp-content\/uploads\/2024\/12\/Naturatte_NT03_08____-768x603.jpg 768w\" sizes=\"(max-width: 800px) 100vw, 800px\" \/>\t\t\t\t\t\t\t\t\t\t\t\t\t<\/div>\n\t\t\t\t<\/div>\n\t\t\t\t\t<\/div>\n\t\t\t\t<\/div>\n\t\t<div class=\"elementor-element elementor-element-f1a5f74 e-flex e-con-boxed e-con e-child\" data-id=\"f1a5f74\" data-element_type=\"container\">\n\t\t\t\t\t<div class=\"e-con-inner\">\n\t\t\t\t\t<\/div>\n\t\t\t\t<\/div>\n\t\t<div class=\"elementor-element elementor-element-5a24045 e-flex e-con-boxed e-con e-child\" data-id=\"5a24045\" data-element_type=\"container\">\n\t\t\t\t\t<div class=\"e-con-inner\">\n\t\t\t\t\t<\/div>\n\t\t\t\t<\/div>\n\t\t\t\t\t<\/div>\n\t\t\t\t<\/div>\n\t\t<div class=\"elementor-element elementor-element-0348987 e-flex e-con-boxed e-con e-child\" data-id=\"0348987\" data-element_type=\"container\">\n\t\t\t\t\t<div class=\"e-con-inner\">\n\t\t<div class=\"elementor-element elementor-element-b30aab0 e-flex e-con-boxed e-con e-child\" data-id=\"b30aab0\" data-element_type=\"container\">\n\t\t\t\t\t<div class=\"e-con-inner\">\n\t\t\t\t\t<\/div>\n\t\t\t\t<\/div>\n\t\t<div class=\"elementor-element elementor-element-965cddf e-flex e-con-boxed e-con e-child\" data-id=\"965cddf\" data-element_type=\"container\">\n\t\t\t\t\t<div class=\"e-con-inner\">\n\t\t\t\t\t<\/div>\n\t\t\t\t<\/div>\n\t\t<div class=\"elementor-element elementor-element-e0fafdc e-flex e-con-boxed e-con e-child\" data-id=\"e0fafdc\" data-element_type=\"container\">\n\t\t\t\t\t<div class=\"e-con-inner\">\n\t\t\t\t\t<\/div>\n\t\t\t\t<\/div>\n\t\t<div class=\"elementor-element elementor-element-17e55eb e-flex e-con-boxed e-con e-child\" data-id=\"17e55eb\" data-element_type=\"container\">\n\t\t\t\t\t<div class=\"e-con-inner\">\n\t\t\t\t\t<\/div>\n\t\t\t\t<\/div>\n\t\t\t\t\t<\/div>\n\t\t\t\t<\/div>\n\t\t\t\t\t<\/div>\n\t\t\t\t<\/div>\n\t\t<div class=\"elementor-element elementor-element-78a9c9a e-flex e-con-boxed e-con e-parent\" data-id=\"78a9c9a\" data-element_type=\"container\">\n\t\t\t\t\t<div class=\"e-con-inner\">\n\t\t\t\t<div class=\"elementor-element elementor-element-c803ec5 elementor-widget elementor-widget-text-editor\" data-id=\"c803ec5\" data-element_type=\"widget\" data-widget_type=\"text-editor.default\">\n\t\t\t\t<div class=\"elementor-widget-container\">\n\t\t\t\t\t\t\t<p>Comercializada em pe\u00e7as de rolos de 65cm de largura por 50 metros, em folhas 30,5&#215;30,5 para Scrapbooking ou de <br \/>acordo com a necessidade de sua linha de produ\u00e7\u00e3o. <\/p>\t\t\t\t\t\t<\/div>\n\t\t\t\t<\/div>\n\t\t\t\t\t<\/div>\n\t\t\t\t<\/div>\n\t\t\t\t<\/div>\n\t\t","protected":false},"excerpt":{"rendered":"<p>NATURATTE Sua criatividade em harmonia com a natureza. A linha Naturatte \u00e9 composta por telas engomadas de fios reciclados como elemento principal em sua composi\u00e7\u00e3o. Possuem uma textura r\u00fastico-natural, proporcionam um aspecto de eleg\u00e2ncia. Dispon\u00edvel em uma grande varia\u00e7\u00e3o de cores. TRAMAS NT02 &#8211; Linha color NT02 \u00e9 um tela fabricada com fios de algod\u00e3o [&hellip;]<\/p>\n","protected":false},"author":1,"featured_media":0,"parent":0,"menu_order":0,"comment_status":"closed","ping_status":"closed","template":"elementor_header_footer","meta":{"footnotes":""},"class_list":["post-344","page","type-page","status-publish","hentry"],"_links":{"self":[{"href":"https:\/\/steigleder.com.br\/index.php\/wp-json\/wp\/v2\/pages\/344","targetHints":{"allow":["GET"]}}],"collection":[{"href":"https:\/\/steigleder.com.br\/index.php\/wp-json\/wp\/v2\/pages"}],"about":[{"href":"https:\/\/steigleder.com.br\/index.php\/wp-json\/wp\/v2\/types\/page"}],"author":[{"embeddable":true,"href":"https:\/\/steigleder.com.br\/index.php\/wp-json\/wp\/v2\/users\/1"}],"replies":[{"embeddable":true,"href":"https:\/\/steigleder.com.br\/index.php\/wp-json\/wp\/v2\/comments?post=344"}],"version-history":[{"count":25,"href":"https:\/\/steigleder.com.br\/index.php\/wp-json\/wp\/v2\/pages\/344\/revisions"}],"predecessor-version":[{"id":550,"href":"https:\/\/steigleder.com.br\/index.php\/wp-json\/wp\/v2\/pages\/344\/revisions\/550"}],"wp:attachment":[{"href":"https:\/\/steigleder.com.br\/index.php\/wp-json\/wp\/v2\/media?parent=344"}],"curies":[{"name":"wp","href":"https:\/\/api.w.org\/{rel}","templated":true}]}}